{"id":402,"date":"2023-03-02T09:30:33","date_gmt":"2023-03-02T09:30:33","guid":{"rendered":"https:\/\/animades.webs.upv.es\/?page_id=402"},"modified":"2026-01-29T11:22:35","modified_gmt":"2026-01-29T10:22:35","slug":"titulaciones","status":"publish","type":"page","link":"https:\/\/masteranimacion.upv.es\/?page_id=402","title":{"rendered":"Titulaciones"},"content":{"rendered":"\t\t<div data-elementor-type=\"wp-page\" data-elementor-id=\"402\" class=\"elementor elementor-402\" data-elementor-post-type=\"page\">\n\t\t\t\t\t\t<section class=\"elementor-section elementor-top-section elementor-element elementor-element-4e63b82 elementor-section-boxed elementor-section-height-default elementor-section-height-default\" data-id=\"4e63b82\" data-element_type=\"section\" data-e-type=\"section\">\n\t\t\t\t\t\t<div class=\"elementor-container elementor-column-gap-default\">\n\t\t\t\t\t<div class=\"elementor-column elementor-col-100 elementor-top-column elementor-element elementor-element-184fbbe\" data-id=\"184fbbe\" data-element_type=\"column\" data-e-type=\"column\">\n\t\t\t<div class=\"elementor-widget-wrap elementor-element-populated\">\n\t\t\t\t\t\t<div class=\"elementor-element elementor-element-16588a8 elementor-widget elementor-widget-spacer\" data-id=\"16588a8\" data-element_type=\"widget\" data-e-type=\"widget\" data-widget_type=\"spacer.default\">\n\t\t\t\t<div class=\"elementor-widget-container\">\n\t\t\t\t\t\t\t<div class=\"elementor-spacer\">\n\t\t\t<div class=\"elementor-spacer-inner\"><\/div>\n\t\t<\/div>\n\t\t\t\t\t\t<\/div>\n\t\t\t\t<\/div>\n\t\t\t\t<div class=\"elementor-element elementor-element-31a7ec7 elementor-widget elementor-widget-heading\" data-id=\"31a7ec7\" data-element_type=\"widget\" data-e-type=\"widget\" data-widget_type=\"heading.default\">\n\t\t\t\t<div class=\"elementor-widget-container\">\n\t\t\t\t\t<h1 class=\"elementor-heading-title elementor-size-default\">Titulaciones<\/h1>\t\t\t\t<\/div>\n\t\t\t\t<\/div>\n\t\t\t\t\t<\/div>\n\t\t<\/div>\n\t\t\t\t\t<\/div>\n\t\t<\/section>\n\t\t\t\t<section class=\"elementor-section elementor-top-section elementor-element elementor-element-5a78037 elementor-section-boxed elementor-section-height-default elementor-section-height-default\" data-id=\"5a78037\" data-element_type=\"section\" data-e-type=\"section\">\n\t\t\t\t\t\t<div class=\"elementor-container elementor-column-gap-default\">\n\t\t\t\t\t<div class=\"elementor-column elementor-col-100 elementor-top-column elementor-element elementor-element-c7b192e\" data-id=\"c7b192e\" data-element_type=\"column\" data-e-type=\"column\">\n\t\t\t<div class=\"elementor-widget-wrap elementor-element-populated\">\n\t\t\t\t\t\t<div class=\"elementor-element elementor-element-5b92a7c elementor-widget elementor-widget-spacer\" data-id=\"5b92a7c\" data-element_type=\"widget\" data-e-type=\"widget\" data-widget_type=\"spacer.default\">\n\t\t\t\t<div class=\"elementor-widget-container\">\n\t\t\t\t\t\t\t<div class=\"elementor-spacer\">\n\t\t\t<div class=\"elementor-spacer-inner\"><\/div>\n\t\t<\/div>\n\t\t\t\t\t\t<\/div>\n\t\t\t\t<\/div>\n\t\t\t\t<div class=\"elementor-element elementor-element-50ae4b2 elementor-widget elementor-widget-heading\" data-id=\"50ae4b2\" data-element_type=\"widget\" data-e-type=\"widget\" data-widget_type=\"heading.default\">\n\t\t\t\t<div class=\"elementor-widget-container\">\n\t\t\t\t\t<h2 class=\"elementor-heading-title elementor-size-default\">M\u00e1ster en Animaci\u00f3n | 60 ECTS | 2 a\u00f1os<\/h2>\t\t\t\t<\/div>\n\t\t\t\t<\/div>\n\t\t\t\t<div class=\"elementor-element elementor-element-7c6c592 elementor-widget elementor-widget-text-editor\" data-id=\"7c6c592\" data-element_type=\"widget\" data-e-type=\"widget\" data-widget_type=\"text-editor.default\">\n\t\t\t\t<div class=\"elementor-widget-container\">\n\t\t\t\t\t\t\t\t\t<p>El M\u00e1ster en Animaci\u00f3n UPV es un t\u00edtulo propio universitario que tiene una duraci\u00f3n de 2 a\u00f1os (60 ECTS). En el 1\u00ba a\u00f1o se profundiza en concepto y direcci\u00f3n de animaci\u00f3n, y en el 2\u00ba a\u00f1o puedes elegir entre una de las dos l\u00edneas de especializaci\u00f3n: animaci\u00f3n 2D o 3D. Durante el periodo formativo, es posible realizar pr\u00e1cticas en empresa (optativas).<\/p><p>Los contenidos se organizan siguiendo las etapas de producci\u00f3n de los entornos profesionales. La metodolog\u00eda incluye clases te\u00f3ricas y pr\u00e1cticas, demostraciones, trabajo individual y en equipo. Adem\u00e1s, el alumnado del M\u00e1ster tienen prioridad de matr\u00edcula en las\u00a0<em>Masterclass<\/em>\u00a0y\u00a0<em>Workshops<\/em>\u00a0ofertados cada a\u00f1o (optativos, no incluidos en la matr\u00edcula).<\/p><p>El M\u00e1ster finaliza con la presentaci\u00f3n de un Trabajo Final de M\u00e1ster (TFM \u2013 10 ECTS), que se desarrolla de forma paralela a las clases, y que consiste en la producci\u00f3n de un cortometraje de animaci\u00f3n en equipo, guiado por un tutor\/a, y con el apoyo de especialistas profesionales. Tambi\u00e9n puedes colaborar en los cortometrajes en producci\u00f3n del curso anterior, con lo que ampliar\u00e1s conocimientos y puedes mejorar tu\u00a0<em>demo-reel<\/em>\u00a0<em>\/portfolio.<\/em><\/p><p>Adem\u00e1s, preparar\u00e1s tu propia\u00a0<em>demo-reel \/ portfolio<\/em>\u00a0y aprender\u00e1s a presentarlo en p\u00fablico, tu mejor tarjeta de presentaci\u00f3n para dar el salto al mundo profesional y poder integrarte en la producci\u00f3n de cortometrajes, series, videojuegos o trabajos de encargo vinculados al cine, TV, publicidad o Internet.<\/p>\t\t\t\t\t\t\t\t<\/div>\n\t\t\t\t<\/div>\n\t\t\t\t\t<\/div>\n\t\t<\/div>\n\t\t\t\t\t<\/div>\n\t\t<\/section>\n\t\t\t\t<\/div>\n\t\t","protected":false},"excerpt":{"rendered":"<p>M\u00e1ster en Animaci\u00f3n | 60 ECTS | 2 a\u00f1os El M\u00e1ster en Animaci\u00f3n UPV es un t\u00edtulo propio universitario que tiene una duraci\u00f3n de 2 a\u00f1os (60 ECTS). En el 1\u00ba a\u00f1o se profundiza en concepto y direcci\u00f3n de animaci\u00f3n, y en el 2\u00ba a\u00f1o puedes elegir entre una de las dos l\u00edneas de especializaci\u00f3n: [&hellip;]<\/p>\n","protected":false},"author":2,"featured_media":0,"parent":0,"menu_order":0,"comment_status":"closed","ping_status":"closed","template":"","meta":{"_acf_changed":false,"footnotes":""},"class_list":["post-402","page","type-page","status-publish","hentry"],"acf":[],"_links":{"self":[{"href":"https:\/\/masteranimacion.upv.es\/index.php?rest_route=\/wp\/v2\/pages\/402","targetHints":{"allow":["GET"]}}],"collection":[{"href":"https:\/\/masteranimacion.upv.es\/index.php?rest_route=\/wp\/v2\/pages"}],"about":[{"href":"https:\/\/masteranimacion.upv.es\/index.php?rest_route=\/wp\/v2\/types\/page"}],"author":[{"embeddable":true,"href":"https:\/\/masteranimacion.upv.es\/index.php?rest_route=\/wp\/v2\/users\/2"}],"replies":[{"embeddable":true,"href":"https:\/\/masteranimacion.upv.es\/index.php?rest_route=%2Fwp%2Fv2%2Fcomments&post=402"}],"version-history":[{"count":6,"href":"https:\/\/masteranimacion.upv.es\/index.php?rest_route=\/wp\/v2\/pages\/402\/revisions"}],"predecessor-version":[{"id":2625,"href":"https:\/\/masteranimacion.upv.es\/index.php?rest_route=\/wp\/v2\/pages\/402\/revisions\/2625"}],"wp:attachment":[{"href":"https:\/\/masteranimacion.upv.es\/index.php?rest_route=%2Fwp%2Fv2%2Fmedia&parent=402"}],"curies":[{"name":"wp","href":"https:\/\/api.w.org\/{rel}","templated":true}]}}